 the tens digit of l?
6
Suppose 20*c = 15*c + 4535. Let a = c + 376. What is the tens digit of a?
8
Suppose -296*d + 840252 = -1316623 - 1083733. What is the tens digit of d?
4
Suppose 0 = 32*a + 4*a. Let d(c) = 4*c + 12. Let t be d(-4). What is the tens digit of 1 - a - (t + (-490)/5)?
0
Let q be 480/((162/(-12))/(-9)). Suppose -g + 285 + q = 0. What is the hundreds digit of g?
6
Let k = 4105 + 1508. Suppose 0 = -5*o + 2*h + k, -26*o + h = -31*o + 5616. What is the hundreds digit of o?
1
Let m(r) = 9*r**2 - 2*r. Let h(n) = 28*n**2 - 7*n + 1. Let c(z) = -2*h(z) + 7*m(z). Let b be c(6). Suppose 15*j - 14*j - b = 0. What is the tens digit of j?
5
Let a(s) = s**3 - 16*s**2 - 15*s + 2. Let v(q) = -16*q + 1. Let o be v(-1). Let b be a(o). Suppose -104 - b = -7*y. What is the tens digit of y?
2
Let z = -59 - -68. Suppose z*c - 16891 - 3665 = 0. Suppose 10*m - c = 106. What is the hundreds digit of m?
2
Let v(a) = -122*a**3 - 3*a**2 - 25*a - 9. What is the units digit of v(-3)?
3
Let c be (0 + (-24)/10)/((-7)/(-4515)). Let a = 2268 + c. What is the tens digit of a?
2
Let t(c) = -3*c**2 - 31*c**3 - 3*c - 401 - 23*c**3 + 405. What is the tens digit of t(-2)?
3
Suppose 0 = -k + 4*k - 61244 + 14264. What is the hundreds digit of k?
6
Suppose -3*t = -2*y - 13, -4*t - 6*y + 19 = -7*y. Suppose -5*b + 28 = -2*j + 300, -t*b = 5*j - 715. What is the hundreds digit of j?
1
Suppose 7*p = -p + 3456. Suppose -9*x + 12*x = p. Suppose 3*f = 5*v + x + 224, 5*v + 106 = f. What is the hundreds digit of f?
1
Let a(i) be the second derivative of -6*i**3 + 52*i**2 - i - 1. What is the units digit of a(-21)?
0
Let r be (18/12)/((-1865)/470 + 4). Suppose -10*o = r*o - 65037. What is the units digit of o?
1
Let w be 42/(-28)*(-4)/3. Let j be 40/(-6)*w*(-18)/15. Suppose -289 - 367 = -j*u. What is the tens digit of u?
4
Let f be 192*((-6)/(-15))/((-8)/10). Let i = f - -103. Suppose -i*o + 324 = -3*o. What is the tens digit of o?
8
Suppose -4*b + 1188*n = 1183*n - 711, n = -4*b + 693. What is the units digit of b?
4
Let f = 0 - 6. Let x(o) = -6*o**3 + o**2 - o - 70. Let l(q) = 7*q**3 - q**2 + q + 70. Let d(y) = f*x(y) - 5*l(y). What is the units digit of d(0)?
0
Let f(o) = -8*o - 4245*o**3 - 16 + 24*o + 2123*o**3 - 12*o**2 + 2123*o**3. Let p = 26 + -15. What is the units digit of f(p)?
9
Let r(i) be the third derivative of 89*i**4/12 - 13*i**3/3 + 80*i**2. What is the tens digit of r(5)?
6
Suppose -f - 27 = 5*k, 0*k + 135 = -5*f + 2*k. Let h = f - -32. Suppose t + 5*b - 76 = 0, -4*t - 2*b + h*b + 373 = 0. What is the units digit of t?
1
Let x = 13694 + 7963. What is the thousands digit of x?
1
Suppose -33 = -3*j - 4*x + 417, 5*j - 727 = x. Suppose -18*q = -17*q + j. Let m = q - -245. What is the units digit of m?
9
Let i = 3490 + 2637. What is the tens digit of i?
2
Let c = 20563 + -5801. What is the tens digit of c?
6
Let g = 2458 + -1380. Suppose -3*b - 2*x = -1642, -11*b + 2*x + g = -9*b. What is the units digit of b?
4
What is the hundreds digit of ((-426239)/(-55) + -63)/((-4)/(-10) + 0)?
2
Suppose 38*l + 369942 - 1904078 = 0. What is the hundreds digit of l?
3
Let s(j) = -j**2 - j + 25. Let f(y) = 3*y**2 + 2*y - 76. Let z(b) = 4*f(b) + 11*s(b). What is the units digit of z(15)?
1
Let i(r) = -4*r**2 - 11*r + 34. Let o(w) = 9*w**2 + 23*w - 68. Let a(v) = -7*i(v) - 3*o(v). Suppose 33*c - 34*c = -14. What is the units digit of a(c)?
4
Let h(o) = 3*o**3 - o**2 + o - 2. Let i be h(-3). Suppose -12*b - 1262 + 350 = 0. Let j = b - i. What is the units digit of j?
9
Let b = 557 + -290. Let k = 407 - b. Suppose 3*o - k = -4*o. What is the units digit of o?
0
Suppose 0 = 79*i - 71*i - 8880. Suppose 5*l + i = 7*l. What is the tens digit of l?
5
Suppose 22*s - 25844 + 962 = 0. Let c = -724 + s. What is the units digit of c?
7
Let d = -592 - -318. Suppose 3437*z - 3449*z - 1320 = 0. Let o = z - d. What is the units digit of o?
4
Let b(x) be the first derivative of -x**2 - 6*x + 15. Let h be b(-11). Suppose h*r - 3617 = 511. What is the tens digit of r?
5
Suppose -m + 3514 + 2642 = -f, -4*m = -f - 24621. What is the units digit of m?
5
Suppose -2*m - 1227 = 2*z - 52031, 6*z - m = 152356. What is the thousands digit of z?
5
Suppose q + 0*q - 3*h = 1785, q - 1787 = 4*h. Suppose -w - 648 = -q. What is the hundreds digit of w?
1
Suppose 5*n + 4*c + 893 = 0, -4*c = 5*n + c + 895. What is the units digit of -2 - 4/(((-3)/n)/(-1))?
4
Let k(m) = 11*m**2 - 11*m**2 + 0*m - 17*m + 24 + 9*m**2. What is the tens digit of k(8)?
6
Let k = 8123 + 14187. What is the units digit of k?
0
Suppose -5*d + 15290 = 4*n, 0*n - n = 5*d - 15305. What is the units digit of d?
2
Let i(d) = -99*d. Let m(k) = -2*k**3 - 34*k**2 - 2*k - 39. Let c be m(-17). What is the tens digit of i(c)?
9
Let a(z) = -26*z - 5. Let q(h) be the second derivative of 9*h**3/2 + 3*h**2 + 30*h. Let k(j) = 2*a(j) + 3*q(j). What is the tens digit of k(6)?
8
Let p(i) = 3990*i**3 - 5*i**2 + 4*i. What is the tens digit of p(1)?
8
What is the units digit of (((-14631)/(-4))/(-1))/((-28)/((-44352)/(-108)))?
7
Let a(i) = -21*i + 1317. What is the thousands digit of a(-10)?
1
Let z(q) = 551*q - 6. Let v be z(2). Suppose 5*y + 141 = v. What is the units digit of y?
1
Let r(l) be the first derivative of 13*l**2 - 62*l + 60. What is the hundreds digit of r(11)?
2
Suppose -72 = -17*k + 132. Suppose k*f = -128 + 32. What is the units digit of 4/f - (1 + 125/(-2))?
1
Let p(u) = 13*u**2 - 16*u - 17. Let h(x) = -12*x**2 + 17*x + 18. Let y(g) = -4*h(g) - 3*p(g). What is the hundreds digit of y(-6)?
4
Suppose -4*q - a - 139 = -699, 0 = -4*a + 16. Suppose 4*f - 709 = q. What is the hundreds digit of f?
2
Suppose -18*f - 95297 = -399569. What is the thousands digit of f?
6
Let h(z) = 1414*z**2 + 220*z + 449. What is the tens digit of h(-2)?
6
Let l(d) = -80*d**3 - d - 2. Let j be l(-1). Let q = 133 - j. What is the units digit of (q + 2)*1/2?
8
What is the units digit of (-98)/1323 - (-1 + (-44147)/27)?
6
Let q = 13590 - 3093. What is the units digit of q?
7
Let o(m) = m**3 - 16*m**2 - 16*m - 13. Let c be o(17). Suppose 0*x = 3*f + c*x + 500, -4*f = x + 645. Let j = -69 - f. What is the units digit of j?
1
Suppose -77 = -65*t + 58*t. Let i(r) = -r**2 + 16*r + 32. What is the units digit of i(t)?
7
Let v be (-48)/(-60) - (-8403)/15. Let t = -302 + v. Let s = 520 - t. What is the hundreds digit of s?
2
Let r(f) = 51*f - 105. Let n = 450 - 437. What is the hundreds digit of r(n)?
5
Let x(k) be the second derivative of 1/6*k**3 + 7/12*k**4 + 0 - 7*k + 1/2*k**2. What is the tens digit of x(-3)?
6
Let a = 51365 + -5853. What is the thousands digit of a?
5
Suppose 0 = 5*a - 5*y - 29215, -4*a + y - 6221 = -29590. What is the hundreds digit of a?
8
Suppose 10*u - 71723 - 125487 = 0. What is the units digit of u?
1
What is the thousands digit of -9*15/(-540) - (-34751)/4?
8
Let a(g) be the first derivative of -g**4/4 - 5*g**3 - 7*g**2 - 31*g - 20. Let r be a(-14). What is the tens digit of -2 + (-2 - r) + -5?
2
Let y = 173 - 253. Let v = 23 - y. Let c = v - 92. What is the units digit of c?
1
Suppose -10 = -73*o + 78*o. What is the units digit of (-1)/o + (-28344)/(-48)?
1
Let w = -252 - -5802. Suppose -i = 4*k - 0*k - w, 3*k - 5*i = 4151. What is the hundreds digit of k?
3
Let w = -100 + 103. Suppose w*z - 2*t - 1174 - 495 = 0, t - 4 = 0. What is the units digit of z?
9
Suppose 4*c = 4*s - 24, -2*s = 3*s + 2*c - 2. Suppose s*f - 558 = q, -5*f = q - 352 - 1029. What is the units digit of f?
7
Suppose -25*n - 2 = -24*n - 2*r, 5*n + 3*r - 55 = 0. What is the units digit of ((-115)/(-25) - n)*-10?
4
Let v = 15742 - 10370. Suppose -i - 8924 = -25*b + 20*b, -v = -3*b + 5*i. What is the thousands digit of b?
1
Let v(b) = 8*b + 219. Let s be v(-27). Suppose -2*r + 1551 = -s*h - 2346, -2*h + 1945 = r. What is the tens digit of r?
4
Let k(v) = 5*v**2 - v. Let x be k(1). Let c = -192 - -330. Suppose 0 = -x*g + c + 230. What is the tens digit of g?
9
Let y = -18 - -20. Suppose i = y*i. Suppose d - 32 = -5*n, -5*d + i*n - n + 136 = 0. What is the tens digit of d?
2
What is the ten thousands digit of (0 + -2)/((-462)/2606373)?
1
What is the hundreds digit of 12/10*((-5)/(-5) + 10386/4)?
1
Let k(a) = -40*a - 2. Let q be k(-4). Suppose 0 = n - q - 63. Suppose -4*t - 107 = -x, -4*